hat is 0 (base 13) in base 2?
0
-225 (base 6) to base 7
-155
-2213 (base 4) to base 9
-205
What is -8 (base 10) in base 15?
-8
What is 10 (base 2) in base 10?
2
Convert -1 (base 13) to base 8.
-1
Convert 32 (base 7) to base 5.
43
What is -100 (base 4) in base 14?
-12
-20 (base 5) to base 7
-13
Convert -41 (base 5) to base 14.
-17
What is 44 (base 6) in base 3?
1001
50 (base 15) to base 5
300
Convert 0 (base 13) to base 4.
0
-82 (base 9) to base 4
-1022
-4 (base 7) to base 11
-4
What is 5 (base 13) in base 12?
5
What is -15 (base 13) in base 2?
-10010
-1 (base 16) to base 11
-1
-28 (base 13) to base 12
-2a
21 (base 5) to base 7
14
What is d7 (base 15) in base 11?
174
Convert -25 (base 15) to base 12.
-2b
What is 7 (base 11) in base 9?
7
What is -16 (base 7) in base 12?
-11
What is -1011 (base 3) in base 12?
-27
-bd (base 16) to base 8
-275
What is -111 (base 2) in base 8?
-7
-3 (base 11) to base 3
-10
What is 15 (base 6) in base 13?
b
-110 (base 2) to base 11
-6
Convert -5 (base 14) to base 8.
-5
-10 (base 3) to base 6
-3
What is 6 (base 7) in base 13?
6
What is -16 (base 8) in base 14?
-10
What is 124 (base 5) in base 3?
1110
2a (base 12) to base 7
46
What is -242 (base 5) in base 10?
-72
94 (base 11) to base 6
251
3 (base 8) to base 12
3
Convert -12 (base 3) to base 7.
-5
Convert 1 (base 11) to base 15.
1
-13 (base 6) to base 3
-100
Convert 1021 (base 4) to base 6.
201
Convert -2 (base 15) to base 13.
-2
5 (base 6) to base 14
5
Convert 12 (base 6) to base 2.
1000
What is -5 (base 6) in base 8?
-5
-b (base 13) to base 5
-21
Convert -131 (base 4) to base 3.
-1002
Convert -3 (base 7) to base 2.
-11
Convert -1110101 (base 2) to base 3.
-11100
Convert -312 (base 5) to base 16.
-52
Convert 12 (base 6) to base 11.
8
Convert -12 (base 7) to base 11.
-9
-6a (base 13) to base 14
-64
Convert -1011 (base 2) to base 5.
-21
Convert -1 (base 5) to base 11.
-1
-133 (base 8) to base 14
-67
Convert -2 (base 6) to base 8.
-2
What is 3 (base 13) in base 12?
3
4 (base 9) to base 12
4
3 (base 16) to base 11
3
What is 10 (base 4) in base 11?
4
What is 7 (base 14) in base 8?
7
0 (base 7) to base 6
0
4a (base 11) to base 13
42
What is -4 (base 5) in base 6?
-4
1d (base 14) to base 10
27
What is 3b (base 13) in base 5?
200
a (base 11) to base 13
a
What is -97 (base 15) in base 13?
-ac
Convert -10 (base 5) to base 9.
-5
1 (base 9) to base 12
1
What is -53 (base 8) in base 14?
-31
What is 31 (base 6) in base 9?
21
-20 (base 13) to base 15
-1b
b (base 14) to base 4
23
Convert 176 (base 15) to base 3.
110110
What is 47 (base 8) in base 5?
124
Convert 10 (base 14) to base 5.
24
-2 (base 10) to base 3
-2
Convert -4 (base 11) to base 6.
-4
What is -122 (base 4) in base 3?
-222
-1010100 (base 2) to base 15
-59
What is -202 (base 3) in base 9?
-22
What is 3 (base 12) in base 11?
3
-3 (base 9) to base 5
-3
-2 (base 13) to base 7
-2
What is 2 (base 16) in base 8?
2
Convert 5 (base 9) to base 16.
5
20 (base 8) to base 9
17
What is 11 (base 3) in base 13?
4
-1 (base 13) to base 10
-1
What is -1 (base 9) in base 11?
-1
-1 (base 3) to base 10
-1
101 (base 4) to base 8
21
-8 (base 10) to base 4
-20
110 (base 7) to base 9
62
-3 (base 10) to base 7
-3
What is 6 (base 11) in base 8?
6
What is -20 (base 5) in base 12?
-a
-17 (base 9) to base 10
-16
Convert 10 (base 3) to base 9.
3
What is -51 (base 12) in base 4?
-331
What is 0 (base 12) in base 14?
0
2a (base 15) to base 9
44
What is 1 (base 8) in base 5?
1
c (base 15) to base 11
11
What is -5 (base 15) in base 6?
-5
Convert -5 (base 15) to base 4.
-11
What is -134 (base 7) in base 15?
-4e
1 (base 15) to base 3
1
-33 (base 4) to base 7
-21
Convert 13 (base 11) to base 10.
14
What is 135 (base 10) in base 12?
b3
What is 3 (base 9) in base 2?
11
What is 101 (base 3) in base 11?
a
77 (base 12) to base 8
133
Convert -5 (base 8) to base 15.
-5
Convert 7 (base 8) to base 3.
21
Convert 2 (base 14) to base 2.
10
What is -42 (base 8) in base 4?
-202
68 (base 15) to base 10
98
Convert -58 (base 9) to base 12.
-45
11010001 (base 2) to base 8
321
-19 (base 15) to base 16
-18
What is 4 (base 13) in base 6?
4
What is 21 (base 3) in base 2?
111
2 (base 7) to base 4
2
Convert 41 (base 11) to base 4.
231
2 (base 8) to base 5
2
1d (base 14) to base 16
1b
What is -6 (base 11) in base 14?
-6
Convert 5 (base 9) to base 13.
5
What is 10 (base 9) in base 6?
13
Convert 261 (base 9) to base 14.
117
What is -49 (base 10) in base 16?
-31
Convert -9 (base 10) to base 12.
-9
Convert -21 (base 16) to base 9.
-36
2334 (base 5) to base 4
11120
25 (base 10) to base 7
34
What is 550 (base 7) in base 9?
341
-12 (base 7) to base 6
-13
What is -12 (base 14) in base 15?
-11
What is -2c (base 16) in base 10?
-44
22 (base 4) to base 6
14
What is 196 (base 11) in base 14?
122
Convert 47 (base 11) to base 12.
43
7 (base 12) to base 3
21
What is -10 (base 3) in base 6?
-3
What is -203 (base 10) in base 5?
-1303
What is 0 (base 2) in base 9?
0
533 (base 7) to base 12
1a5
What is 22 (base 10) in base 15?
17
Convert -14 (base 5) to base 3.
-100
What is 10101110 (base 2) in base 16?
ae
What is -13 (base 6) in base 3?
-100
What is -5 (base 10) in base 11?
-5
-1 (base 15) to base 4
-1
What is -3 (base 13) in base 16?
-3
What is 10 (base 2) in base 12?
2
8 (base 15) to base 9
8
-201 (base 9) to base 14
-b9
42 (base 6) to base 14
1c
Convert -53 (base 16) to base 14.
-5d
101 (base 2) to base 6
5
93 (base 15) to base 12
b6
What is -1 (base 8) in base 2?
-1
What is -3 (base 10) in base 12?
-3
-100 (base 3) to base 9
-10
What is -234 (base 9) in base 15?
-cd
14 (base 7) to base 11
10
Convert -6 (base 7) to base 9.
-6
3 (base 4) to base 2
11
110101 (base 2) to base 7
104
What is -13 (base 4) in base 9?
-7
Convert -6 (base 10) to base 12.
-6
Convert -b (base 16) to base 5.
-21
Convert -5 (base 9) to base 15.
-5
Convert -5 (base 6) to base 11.
-5
What is -33 (base 11) in base 8?
-44
Convert 3 (base 16) to base 4.
3
What is -21 (base 15) in base 4?
-133
-443 (base 6) to base 3
-20100
4 (base 7) to base 2
100
-6 (base 11) to base 6
-10
-19 (base 16) to base 12
-21
Convert 0 (base 12) to base 3.
0
What is 3112 (base 4) in base 8?
326
Convert -25 (base 16) to base 2.
-100101
What is 10101 (base 2) in base 13?
18
What is -4 (base 7) in base 16?
-4
Convert 1 (base 11) to base 3.
1
What is -2 (base 10) in base 15?
-2
-2 (base 11) to base 14
-2
Convert -5 (base 14) to base 12.
-5
-147 (base 10) to base 9
-173
-2 (base 12) to base 3
-2
What is -4 (base 14) in base 2?
-100
2 (base 7) to base 6
2
-3 (base 12) to base 3
-10
Convert -3 (base 7) to base 8.
-3
What is 8 (base 16) in base 4?
20
Convert 14 (base 7) to base 12.
b
-4 (base 14) to base 16
-4
What is -52 (base 14) in base 8?
-110
112 (base 4) to base 12
1a
Convert 14 (base 5) to base 14.
9
What is d7 (base 14) in base 15?
c9
Convert 6 (base 7) to base 5.
11
What is 4 (base 16) in base 2?
100
Convert 3 (base 13) to base 14.
3
110 (base 3) to base 16
c
What is 3 (base 5) in base 9?
3
54 (base 7) to base 10
39
Convert 0 (base 9) to base 8.
0
-83 (base 13) to base 9
-128
What is 123 (base 4) in base 13?
21
Convert 101 (base 2) to base 11.
5
-5b (base 15) to base 14
-62
Convert 110012 (base 3) to base 11.
27a
1001101 (base 2) to base 12
65
Convert 48 (base 10) to base 11.
44
107 (base 16) to base 11
21a
Convert -5 (base 12) to base 14.
-5
Convert -61 (base 13) to base 11.
-72
Convert 22 (base 12) to base 6.
42
Convert -65 (base 11) to base 4.
-1013
Convert -25 (base 16) to base 15.
-27
Convert 103 (base 5) to base 14.
20
-100110 (base 2) to base 9
-42
What is -40 (base 12) in base 15?
-33
Convert -21 (base 5) to base 8.
-13
-1 (base 14) to base 8
-1
-8 (base 11) to base 7
-11
Convert 3 (base 8) to base 13.
3
0 (base 10) to base 12
0
-6 (base 7) to base 15
-6
Convert 2 (base 3) to base 11.
2
What is -1 (base 9) in base 16?
-1
-9 (base 12) to base 8
-11
What is 23 (base 12) in base 2?
11011
What is -53 (base 13) in base 15?
-48
What is -51 (base 12) in base 8?
-75
2 (base 4) to base 2
10
-3 (base 10) to base 14
-3
Convert 21 (base 3) to base 2.
111
Convert 1 (base 8) to base 12.
1
What is -4 (base 9) in base 12?
-4
Convert 5 (base 16) to base 15.
5
Convert -b (base 13) to base 11.
-10
What is 175 (base 8) in base 15?
85
What is -3 (base 11) in base 